{"id":2,"date":"2025-01-31T18:59:22","date_gmt":"2025-01-31T17:59:22","guid":{"rendered":"https:\/\/www.motard17.fr\/?page_id=2"},"modified":"2025-02-03T11:17:51","modified_gmt":"2025-02-03T10:17:51","slug":"page-d-exemple","status":"publish","type":"page","link":"https:\/\/www.motard17.fr\/index.php\/page-d-exemple\/","title":{"rendered":"Infos pratiques"},"content":{"rendered":"\n<p>Je partage ici mon modeste retour d&rsquo;exp\u00e9riences, adapt\u00e9 \u00e0 ma fa\u00e7on de me balader, ces quelques infos sur l&rsquo;inventaire des bagages et la pr\u00e9paration plus globales sont bien s\u00fbr \u00e0 mettre \u00e0 ta sauce.<\/p>\n","protected":false},"excerpt":{"rendered":"<p>Je partage ici mon modeste retour d&rsquo;exp\u00e9riences, adapt\u00e9 \u00e0 ma fa\u00e7on de me balader, ces quelques infos sur l&rsquo;inventaire des bagages et la pr\u00e9paration plus globales sont bien s\u00fbr \u00e0 mettre \u00e0 ta sauce.<\/p>\n","protected":false},"author":1,"featured_media":110,"parent":0,"menu_order":0,"comment_status":"closed","ping_status":"open","template":"","meta":{"footnotes":""},"class_list":["post-2","page","type-page","status-publish","has-post-thumbnail","hentry"],"_links":{"self":[{"href":"https:\/\/www.motard17.fr\/index.php\/wp-json\/wp\/v2\/pages\/2","targetHints":{"allow":["GET"]}}],"collection":[{"href":"https:\/\/www.motard17.fr\/index.php\/wp-json\/wp\/v2\/pages"}],"about":[{"href":"https:\/\/www.motard17.fr\/index.php\/wp-json\/wp\/v2\/types\/page"}],"author":[{"embeddable":true,"href":"https:\/\/www.motard17.fr\/index.php\/wp-json\/wp\/v2\/users\/1"}],"replies":[{"embeddable":true,"href":"https:\/\/www.motard17.fr\/index.php\/wp-json\/wp\/v2\/comments?post=2"}],"version-history":[{"count":1,"href":"https:\/\/www.motard17.fr\/index.php\/wp-json\/wp\/v2\/pages\/2\/revisions"}],"predecessor-version":[{"id":108,"href":"https:\/\/www.motard17.fr\/index.php\/wp-json\/wp\/v2\/pages\/2\/revisions\/108"}],"wp:featuredmedia":[{"embeddable":true,"href":"https:\/\/www.motard17.fr\/index.php\/wp-json\/wp\/v2\/media\/110"}],"wp:attachment":[{"href":"https:\/\/www.motard17.fr\/index.php\/wp-json\/wp\/v2\/media?parent=2"}],"curies":[{"name":"wp","href":"https:\/\/api.w.org\/{rel}","templated":true}]}}